 the units digit of f?
2
Suppose 0 = -0*i + 2*i. Suppose -17 = -y - 3*d, i*d = y - 5*d + 23. What is the units digit of y?
2
Let t be 1*(2 - -2) - -2. Suppose w - n - t = -0*n, -2*n + 33 = 3*w. What is the units digit of w?
9
Let s(x) = -13*x - 2. Let l be s(-1). What is the units digit of l/33 + (-86)/(-3)?
9
Suppose 0 = w + 2*m + 4 - 30, 0 = -4*w - 2*m + 86. Suppose -13 = -3*h + w. What is the tens digit of h?
1
Suppose 4*t - 54 = 4*g + 6, 27 = t + 3*g. What is the tens digit of t?
1
Let w(x) = x**2 + x - 1. Let g(z) = z**3 - z**2 - z + 4. Let u be g(0). Let r = -6 + u. What is the units digit of w(r)?
1
Let i(k) = 7*k - 14. What is the units digit of i(8)?
2
Let c(l) = l**3 + 11*l**2 - 4*l - 16. What is the tens digit of c(-11)?
2
Let q(v) = 27*v**2 + 1. Let x be 2 - ((-12)/(-2) - 3). What is the units digit of q(x)?
8
Suppose -4*d + 2*w - 3 = -17, -3*d = -w - 8. Let t = d + -12. Let i = -6 - t. What is the units digit of i?
5
Let v(q) = -q + 41. What is the units digit of v(0)?
1
Suppose -m = -2 + 3. Let p = 4 + m. Suppose -p*b = -5*b + 2. What is the units digit of b?
1
Let x(q) = -4*q - 7. Let n be x(-5). Let u(z) = z**2 - 10*z + 1. What is the units digit of u(n)?
0
Let c(v) be the third derivative of v**6/120 - v**5/20 - v**4/12 + v**3/3 + 2*v**2. What is the tens digit of c(4)?
1
Let f be (-158)/22 + (-2)/(-11). Let d(s) = 2*s - s**2 - 9*s + 1 + 0*s**2. What is the units digit of d(f)?
1
Suppose -7 = -5*o + 8. What is the units digit of 0 + 4 + -5 + o?
2
Let r = 27 + -17. What is the units digit of r?
0
Suppose 5 = -b, b - 3 + 40 = -4*c. Let i = c + 11. What is the units digit of i?
3
Let x = 4 - -6. Suppose -v + x = -18. What is the units digit of v?
8
Suppose -2 = 2*w + 2. What is the units digit of (w + 52/6)*3?
0
Let t = -94 + 274. Suppose 2*r + 2*r - t = 0. What is the units digit of r?
5
Suppose 0 = 4*p - 5*m - 105 - 11, 0 = 4*m - 16. What is the units digit of p?
4
Suppose 194 = 5*x + 4. What is the units digit of x?
8
Suppose -17*h - h + 54 = 0. What is the units digit of h?
3
What is the units digit of ((-2401)/14)/(1/(-2))?
3
What is the tens digit of ((-21)/(-1))/(7 + (-36)/6)?
2
Suppose 4*x + 59 = u + 237, -x + 36 = 4*u. What is the tens digit of x?
4
Let q be (9 + -9)*(-2)/(-6). Let u(g) = g**2 + g - 2. Let l be u(q). What is the tens digit of (1*-8 - l)*-2?
1
Suppose -20*z - 285 = -23*z. What is the units digit of z?
5
Let x be (-6)/(-4) - (-17)/(-2). Let m = 10 + x. Suppose m*w - 53 = -20. What is the units digit of w?
1
Let c = 4 - -11. Suppose -2*o + 4*j = -o - c, -4*j = 3*o + 19. Let u = 3 + o. What is the units digit of u?
2
Suppose -v + 3*d = -4, -v - d - 4*d - 12 = 0. What is the tens digit of 0 - (-16 + v) - 0?
1
Suppose 2*t = -z + 3*z + 180, t - 108 = -5*z. What is the tens digit of t?
9
Suppose 0 = 5*d - d - 564. What is the hundreds digit of d?
1
Let g = 1 - 1. Suppose -4*s + 0*s + 44 = g. What is the tens digit of s?
1
Let u(g) = -g. Suppose -3*i + 3*z = -0*i + 6, -3*i = -2*z + 1. Suppose -6*x + i*x = 21. What is the units digit of u(x)?
7
Suppose -4*n + 5*r - 28 = -9, 0 = 2*n + 4*r + 16. Let l = 7 + n. What is the units digit of l?
1
Let u(k) = k**3 - 6*k**2 + 10*k + 8. What is the units digit of u(6)?
8
Suppose -12*p - 2904 = -24*p. What is the tens digit of p?
4
Suppose 130 + 108 = c + v, 4*c - 3*v - 945 = 0. What is the tens digit of c?
3
Suppose -4*j = y + 51 - 4, 94 = -2*y + 5*j. Let t = -20 - y. What is the tens digit of t?
2
Suppose u + 5*q - 2*q = -12, -3*u + 4*q + 29 = 0. Let m be 2/3 + 10/(-6). What is the units digit of m/u + 38/6?
6
Let k = 141 + -20. Suppose -4*s = -3*a - k, -2*s - 2*a = s - 78. Suppose 3*r - s = -1. What is the units digit of r?
9
Let b(l) = l - 5*l**3 - 6*l + 2*l - 1 - 3*l**2 + 2*l. What is the units digit of b(-2)?
9
Let v(c) = c**3 + 10*c**2 + 3*c - 12. What is the tens digit of v(-9)?
4
Suppose 0 = f - 2 + 6. Let h = f - -4. Let v = 1 - h. What is the units digit of v?
1
Let p(b) = -b**3 - b**2 + 4*b. Suppose y - 10 = -4*y. Let i be y/4 - (-21)/(-6). What is the units digit of p(i)?
6
Suppose -200 = -0*o - 5*o. Suppose 0 = 5*m - 0*m + o. Let c = m - -14. What is the units digit of c?
6
Let t be 6/4*(-16)/(-6). Let h(w) = -11*w + 1 + 4 + 12*w. What is the units digit of h(t)?
9
Suppose 0 = f + 3*f - 28. Let n = f + 7. Suppose 70 = 7*x - 2*x - a, n = x + a. What is the tens digit of x?
1
Let l = 87 + -27. What is the tens digit of l?
6
Let m(r) = r**3 + 7*r**2 - 4*r + 2. What is the tens digit of m(-6)?
6
Let f = -27 + 22. Let r(i) = 5*i + 1 + i**2 + 0*i**2 + 6. What is the units digit of r(f)?
7
Suppose 0 = -v - 2*j + 47, -3*v = -0*j - 3*j - 105. What is the tens digit of v?
3
Let l = 17 - 12. Suppose -24 - 26 = -5*t + l*p, 3*t = -2*p + 15. Suppose t*f - 2*f - 12 = 2*g, f = -5*g + 24. What is the units digit of g?
4
Suppose n + 3*f + 5 = 0, 3*f = 4*n + f + 48. Let s(p) = -7*p + 8. Let m be s(4). Let d = n - m. What is the units digit of d?
9
Suppose -o = -3*o + 62. What is the tens digit of o?
3
Suppose -3*a = -2*a. Suppose a = -5*x + 3*x + 26. What is the tens digit of x?
1
Let o(m) = m**3 + 4*m**2 - 1. Let k be o(-3). What is the tens digit of ((-10)/k)/((-1)/8)?
1
Let g be (2/5)/((-1)/(-65)). Let v = 14 - g. What is the units digit of 49/4 - (-3)/v?
2
Suppose f = -0*f. Let s(y) = y - 4. Let p be s(5). Let l = f + p. What is the units digit of l?
1
Let h(j) = j**2 - 3*j - 8. Suppose -35 = -9*u + 4*u. What is the units digit of h(u)?
0
Suppose 57 = -3*q + 4*q. What is the tens digit of q?
5
Let w(z) = -z**3 - 4*z - 4. What is the units digit of w(-4)?
6
Let y = 1 - 2. Let d(n) = 2*n**2 - n - 1. Let p be d(y). Suppose 0 = 2*k + p*k - 16. What is the units digit of k?
4
Let a(n) = -2*n - 7. Let l be a(-5). Suppose c - 8 = 2*c + l*v, -v = c. What is the units digit of c?
4
Let f(p) = p + 23. Suppose -5*h + 5*q = -35, -q - 75 = -5*h - 4*q. Suppose h = n - 2*n. What is the units digit of f(n)?
1
Suppose -s - 29 = 3. Let o be (s/20)/(4/(-10)). Suppose -l = -4 - o. What is the units digit of l?
8
Let h = -126 + 237. What is the hundreds digit of h?
1
Let i(y) = -y**2 + 5*y - 3. Let z(v) = 4*v**2 - 2*v + 1. Let c be z(1). What is the units digit of i(c)?
3
Let q(i) = i**2 + i + 3. Let f = 4 - 7. Let j be q(f). Suppose 5*t - 29 = -j. What is the units digit of t?
4
Let h(v) = 2*v**2 + 9*v + 5. What is the units digit of h(-6)?
3
Suppose 0 = -v + t + 35, -2*t = -4*v - 0*v + 146. What is the units digit of v?
8
Let k = 1 + 2. What is the units digit of k?
3
What is the hundreds digit of ((-59)/(-4))/(3 - (-115)/(-40))?
1
Let g(z) = 2*z - 12. Let l be g(8). Suppose 3 = -3*r - 0*r. What is the units digit of l/2 - (r - -1)?
2
Let m = -10 + 14. Suppose 70 = -m*q + 234. What is the units digit of q?
1
Let c(i) = 30*i**2 + 1. Suppose -7*g - 5 = -2*g. What is the units digit of c(g)?
1
Let d(c) = -3*c - 11. Let i be d(-5). Suppose i*h = 2*g + 20, g = 3*h - 5*h + 10. What is the units digit of h?
5
Suppose o + 0*o = -r + 4, 5*o = 4*r - 34. Suppose -7*p + r*p = -12. What is the units digit of p?
2
Let a = -5 - -1. Suppose -33 = 3*i - 3*g, 5*g + 1 = 16. Let d = a - i. What is the units digit of d?
4
Suppose 2*r = -2*r + 116. Suppose -2 + r = 4*x + 3*d, 2*x - 11 = d. What is the units digit of x?
6
Let t = -14 + 82. Suppose y - t = -3*y. What is the units digit of y?
7
Let p = 40 - 20. Suppose p = j + 2*s, 3*s - 21 = -3*j + 2*j. What is the units digit of j?
8
Suppose 5*f + 5*l + 17 = 557, -3*f - 2*l + 322 = 0. What is the units digit of f?
6
Suppose 0 = -4*c - 20, -2*f - 4*c - 194 = f. What is the tens digit of -2 + -1 - f/2?
2
Let t = -98 - -55. Let u = 60 + t. What is the tens digit of u?
1
Let u = 9 - 5. Suppose 54 = 5*c - u*j, -4*c + 59 = 3*j - 9. Let z = c - 5. What is the units digit of z?
9
Suppose -4*l + 6*l = 2. What is the units digit of (-1 - l) + (18 - 9)?
7
Suppose -4*w = -0*w - 3*g + 30, 4*g = 3*w + 19. What is the units digit of (6/5)/(w/(-30))?
4
Suppose -12 = -5*z - 2. Suppose -3*s + 2*y = -0*y - 22, -2*s - z*y = -8. What is the units digit of s?
6
What is the units digit of (-3 + (-24)/(-9))*-42?
4
Let x = -4 + 1. Let y = x + 5. Suppose -y*i = 2*b + b - 40, b + 4*i = 30. What is the units digit of b?
0
Suppose z + 26 = 5*d, -2*z + 4 = -z. Let w(i) = -i**3 + 7*i**2. What 